{"id":3172,"date":"2026-01-21T12:12:37","date_gmt":"2026-01-21T17:12:37","guid":{"rendered":"https:\/\/imarensa.com\/wp4\/?post_type=product&#038;p=3172"},"modified":"2026-01-21T16:16:07","modified_gmt":"2026-01-21T21:16:07","slug":"transistor-mosfet-buk9y40-55b-94055b","status":"publish","type":"product","link":"https:\/\/imarensa.com\/wp4\/producto\/transistor-mosfet-buk9y40-55b-94055b\/","title":{"rendered":"Transistor  BUK9Y40-55B \/ 94055B sot 669"},"content":{"rendered":"","protected":false},"excerpt":{"rendered":"<ul>\n<li data-hveid=\"CAUQAA\" data-sae=\"\" data-complete=\"true\"><span class=\"T286Pc\" data-sfc-cp=\"\" data-complete=\"true\"><strong class=\"Yjhzub\" data-complete=\"true\">Funci\u00f3n:<\/strong> Act\u00faa como un regulador de voltaje o interruptor de alta velocidad\u00a0<\/span><\/li>\n<li data-hveid=\"CAUQAg\" data-sae=\"\" data-complete=\"true\"><span class=\"T286Pc\" data-sfc-cp=\"\" data-complete=\"true\"><strong class=\"Yjhzub\" data-complete=\"true\">Capacidad:<\/strong> Soporta hasta <strong class=\"Yjhzub\" data-complete=\"true\">55 V<\/strong> y una corriente de <strong class=\"Yjhzub\" data-complete=\"true\">26 A<\/strong>.<\/span><\/li>\n<li data-hveid=\"CAUQAw\" data-sae=\"\" data-complete=\"true\"><span class=\"T286Pc\" data-sfc-cp=\"\" data-complete=\"true\"><strong class=\"Yjhzub\" data-complete=\"true\">Encapsulado:<\/strong> Utiliza el formato SOT-669 (LFPAK), dise\u00f1ado para una alta disipaci\u00f3n t\u00e9rmica en espacios reducidos.<\/span><\/li>\n<\/ul>\n","protected":false},"featured_media":3174,"template":"","meta":[],"product_brand":[],"product_cat":[25,22],"product_tag":[],"class_list":{"0":"post-3172","1":"product","2":"type-product","3":"status-publish","4":"has-post-thumbnail","6":"product_cat-automotriz","7":"product_cat-elec_av","9":"first","10":"instock","11":"shipping-taxable","12":"purchasable","13":"product-type-simple"},"_links":{"self":[{"href":"https:\/\/imarensa.com\/wp4\/wp-json\/wp\/v2\/product\/3172","targetHints":{"allow":["GET"]}}],"collection":[{"href":"https:\/\/imarensa.com\/wp4\/wp-json\/wp\/v2\/product"}],"about":[{"href":"https:\/\/imarensa.com\/wp4\/wp-json\/wp\/v2\/types\/product"}],"wp:featuredmedia":[{"embeddable":true,"href":"https:\/\/imarensa.com\/wp4\/wp-json\/wp\/v2\/media\/3174"}],"wp:attachment":[{"href":"https:\/\/imarensa.com\/wp4\/wp-json\/wp\/v2\/media?parent=3172"}],"wp:term":[{"taxonomy":"product_brand","embeddable":true,"href":"https:\/\/imarensa.com\/wp4\/wp-json\/wp\/v2\/product_brand?post=3172"},{"taxonomy":"product_cat","embeddable":true,"href":"https:\/\/imarensa.com\/wp4\/wp-json\/wp\/v2\/product_cat?post=3172"},{"taxonomy":"product_tag","embeddable":true,"href":"https:\/\/imarensa.com\/wp4\/wp-json\/wp\/v2\/product_tag?post=3172"}],"curies":[{"name":"wp","href":"https:\/\/api.w.org\/{rel}","templated":true}]}}